. Let b be t(-17). Calculate the greatest common factor of b and 1512.
21
Let x be (54/(-8))/(6/(-552)). Calculate the greatest common divisor of 69 and x.
69
Suppose -5*g + 88 = 2*i, 2*i - 4*g - 59 = 29. Calculate the greatest common factor of i and 484.
44
Suppose -4*g = -3*g - 5. Suppose -a = -3*b + 231, -2*b - 4*a = -g*b + 231. What is the highest common divisor of 11 and b?
11
Let n(u) = -u**3 - 8*u**2 - 4*u - 12. Let m be n(-8). Calculate the greatest common factor of 8 and m.
4
Suppose 266 = -m - 2*h, 0 = -3*m + m + 3*h - 497. Let p = m - -436. Calculate the greatest common factor of p and 18.
18
Suppose -2*i - 19 = -21. Let j be (-6)/(-18) - (-112)/6. Calculate the greatest common factor of i and j.
1
Suppose 0 = -4*i + 2*t + 157 - 5, 0 = -3*i - t + 119. Suppose -i = -j + 15. What is the greatest common divisor of 18 and j?
18
Let p(m) = -m**2 - 9*m - 16. Let i be p(-6). Suppose 0 = 3*q + 5*s - 123, -i*q = -5*q - 4*s + 126. Calculate the greatest common factor of q and 23.
23
Let o = 114 - 111. Let y be (-22)/(-33) + (172/o - 2). Calculate the greatest common divisor of 616 and y.
56
Let j(r) = -r**3 - 19*r**2 + 18*r - 11. Let t be j(-20). Calculate the greatest common factor of t and 1.
1
Suppose -4*c = -2*p - 17644, 6*p - 9*p = 2*c - 8814. What is the highest common divisor of c and 42?
42
Let r(p) = -p**3 + 9*p**2 + 15*p + 8. Let c = -68 + 76. Let f be r(c). What is the highest common factor of 12 and f?
12
Let x be -4*250*((-12)/(-4))/(-3). What is the highest common divisor of x and 8?
8
Let q(j) = -2 + 5*j - 6 + 7. Let s be q(11). What is the highest common divisor of 6 and s?
6
Let r(n) = -4*n + 88. Let f be r(-14). Calculate the highest common factor of f and 126.
18
Let b = 364 + -359. Calculate the highest common factor of b and 50.
5
Suppose -2*j + 133 = 35. Let s = j + -22. Let d(g) = 17*g**2 + 1. Let m be d(1). Calculate the greatest common divisor of s and m.
9
Let u be 1 - (12/3 + -4). Let t be u*(10/5 + 4). Let z be 196/21*36/14. Calculate the highest common divisor of z and t.
6
Suppose 0 = 8*j - 307 - 269. What is the highest common divisor of j and 90?
18
Let n be 1/((-5)/20 + 9/20). Let t(v) = -v**3 + 5*v**2 + v. Let m be t(n). What is the highest common divisor of m and 2?
1
Suppose -5*a + 444 = 3*l, 0 = 5*a + 3*l - 6*l - 456. Let z be (-40)/(-6)*54/10. What is the highest common factor of z and a?
18
Suppose -4*o = -5*y + 942, y = 5*o - 8*o + 196. What is the greatest common factor of y and 38?
38
Let r = 1487 - 1457. Calculate the highest common divisor of 78 and r.
6
Suppose -21 + 5 = -l. Let g = l + -3. Let w = g + -11. Calculate the greatest common factor of 8 and w.
2
Suppose 0 = 10*x - 13*x - 27. Let a = x - -11. Calculate the highest common divisor of 2 and a.
2
Suppose 129 = i + 3*r, 0 = i - 8*i + 4*r + 778. Calculate the highest common divisor of i and 6.
6
Let k(w) = 5*w + 3. Let y be k(3). Let s = -1906 - -1908. Calculate the highest common factor of y and s.
2
Suppose -31*k + 6*k = -13825. Calculate the highest common divisor of 7 and k.
7
Suppose -9 - 11 = -4*t. Suppose -106 + 402 = 8*x. Suppose -2*i = 5*z - 139, x = 3*z - 2*z + t*i. What is the highest common divisor of 27 and z?
27
Let c be (-10)/25*670/6*3. Let b = -2 - c. What is the highest common divisor of 12 and b?
12
Let u = 493 + -489. Suppose 2*t = -2*q + t + 24, -4*q - 4*t + 56 = 0. Calculate the greatest common divisor of u and q.
2
Let m(w) = 11*w**2 - 2*w + 1. Let a be m(1). Let r be -1*(10/1)/(-5). Let b be 90 - 2 - (r + -4). What is the highest common factor of a and b?
10
Let b(v) = -2*v - 3. Let n be b(-3). Suppose 0*z = -n*z - 6. Let a = 3 + z. Calculate the greatest common divisor of a and 7.
1
Let s be 3 + (-6 - 0)/((-14)/875). What is the greatest common factor of 42 and s?
42
Let s(n) = -n. Let j be s(-6). Suppose -22 + j = -4*x. Suppose 0 = x*p - p - 24. What is the greatest common factor of p and 40?
8
Suppose -16 = 3*r - 5*a, 6*r - 4*r = 5*a - 19. Suppose 0*i = 2*i - 28. Let c = i - 5. What is the highest common divisor of c and r?
3
Suppose 2*b + 7 = 29. Suppose 7*a - 40 = b*a. Let y be (9 - 1)*a/(-4). Calculate the highest common divisor of 4 and y.
4
Suppose -1317*g + 4096 = -1309*g. What is the greatest common factor of g and 576?
64
Let j(k) = k**3 + 4*k**2 - 3*k - 7. Let y be j(5). Let q = y - 104. Calculate the greatest common factor of q and 11.
11
Let i(h) = 5*h - 9. Let u(l) = l**2 + 14*l - 26. Let j(z) = -17*i(z) + 6*u(z). Let f be j(2). Calculate the highest common factor of 133 and f.
19
Let l be 7*(10/2 + (-57)/(-21)). What is the greatest common factor of 189 and l?
27
Let x be (2/4)/(8/384). Let c be (-3)/(-12)*(x - 4). Calculate the greatest common factor of c and 10.
5
Suppose 4*p + 14 = -46. Let i be 6/(-2)*(-55)/p. Let w(f) = f**3 + 13*f**2 + 17*f + 8. Let b be w(i). What is the greatest common divisor of b and 42?
21
Let h(y) = -y**3 + 15*y**2 - 15*y + 15. Let c be h(14). Let l be (6 + 0/c)/((-12)/(-232)). Calculate the greatest common divisor of l and 29.
29
Suppose -2*q = -c - 57, -4*q + 2*c + 113 = c. Suppose 2*t + 0 - 4 = -2*v, -4*v + 53 = -5*t. What is the greatest common divisor of v and q?
7
Let v = -6 - -14. Suppose 3*c = -2*i + v, 5*c - 7 = -4*i + 9. Suppose -34 + 174 = i*o. Calculate the highest common divisor of 5 and o.
5
Let x = -11 + 26. Suppose 2*j + 5*j - 525 = 0. Calculate the highest common divisor of x and j.
15
Let v(k) = 1265*k**2 - 102*k + 101. Let j be v(1). What is the greatest common divisor of j and 16?
16
Let y be (-84)/2*3/6. Let u = -16 - y. Suppose 0 = 4*n + 4*z - 60, u*z = -4*n + 8*n - 87. What is the greatest common divisor of 198 and n?
18
Let i be (-8)/(-2)*(-2)/(40/135). Let s = -5 - i. Calculate the greatest common factor of s and 176.
22
Let l(v) = v**3 - 6*v**2 + v + 5. Let h be l(6). Let a = 273 + -262. Calculate the highest common divisor of a and h.
11
Suppose 5*r + 0*w - 5*w = 10, -5*r - 3*w = -42. Let s be (1/1 - 1)/(-3). Let c = s - -12. Calculate the highest common factor of r and c.
6
Let y be (-38)/114 + (-2 - 304/(-3)). Let d be 6/((-1)/(-3)*2). Calculate the highest common divisor of d and y.
9
Let g = 41 - 6. Let v be (((-256)/(-40))/(-8))/((-2)/175). What is the highest common divisor of v and g?
35
Suppose 54 = u + 5*r, -u + 64 = -5*r - 0*r. Calculate the greatest common divisor of u and 118.
59
Let m = -7 - -10. Suppose -3*f + 0*f = -m. Let s = 32 - 30. Calculate the highest common divisor of f and s.
1
Let d = -7 - -28. Let y(v) = 3*v**2 - 48*v - 66. Let c be y(18). What is the greatest common factor of d and c?
21
Let t = 37 + -74. Let k be (t + 4)*(-1 - 4/6). What is the highest common factor of k and 22?
11
Suppose -14 = -r - r. Suppose -28 - 36 = -4*g. Let o be 2*(g - 1) - 2. What is the highest common divisor of r and o?
7
Let g be (-1 + -45)*(-4)/2. Let l = -183 + 117. Let s = l + g. What is the greatest common factor of s and 39?
13
Let n be 290/3 - 2/3. Suppose -306*k + 3245 = -143*k - 667. Calculate the highest common factor of n and k.
24
Suppose 15*d - 16*d + 10 = 0. Suppose 3*f = -5 - 7. Let o(a) = -3*a + 3. Let m be o(f). What is the highest common factor of m and d?
5
Suppose -66*g - 515 = -71*g. What is the greatest common factor of 1957 and g?
103
Let n be -2*(-3)/2 - 7. Let p be (n + 0 + 20)/2. Calculate the highest common divisor of 1 and p.
1
Let n(a) = 4*a - 18. Let v be n(9). Suppose g - v = 1. What is the highest common divisor of g and 133?
19
Let l(v) = 2*v**2 + 8*v - 2. Let z be l(3). Suppose t + 72 = -2*t. Let o = t + z. Calculate the highest common factor of 80 and o.
16
Let r be 1 - -364 - 10/5. Let x be -5 - ((-57)/(-2))/((-33)/44). What is the greatest common divisor of x and r?
33
Suppose -46*j - 1 = 91. Let y(d) be the third derivative of 7*d**5/30 + d**4/24 - d**3/3 + d**2. Let n be y(j). What is the greatest common factor of n and 130?
26
Suppose y - 2*m = 412, 4*y + m + 414 = 5*y. What is the highest common factor of 13 and y?
13
Let f(j) = -11*j + 4. Let y be f(-1). Let z = -36 - -46. Calculate the greatest common divisor of y and z.
5
Let o be 1/(-3)*(-4 - 2). Suppose -2*l - 16 = 3*l + 4*x, 4*l + 21 = 5*x. Let n be (0 - 2)/(l/16). What is the greatest common divisor of n and o?
2
Let g = 51 + -105. Let r be ((